1*b**2 + 23*b + 1. Let g be h(-2). Give i(g).
-5
Let j(u) = 0*u - u + 17926 - 17919 + 2*u. What is j(-10)?
-3
Let n = -115 - -122. Let k(j) = 14*j**2 + j - 8*j**2 - n*j**2. What is k(1)?
0
Let s(r) = 10*r + 4. Let f(h) = -9*h - 2. Let j(u) = -6*f(u) - 5*s(u). Determine j(-10).
-48
Let c(h) = h**3 - 5*h**2 + 2*h - 4. Let x be c(4). Let s = 14 + x. Let a(m) = -5*m**2 + 9*m - 7 - 2*m**s + 3*m**2 + 3*m**2. Determine a(5).
13
Suppose 13 = -5*n + c, 3*c + 1 = -3*n + 7*c. Let q(z) be the third derivative of 0*z + 0 - 1/6*z**3 - 2*z**2 + 1/8*z**4. Give q(n).
-10
Suppose g - 4*w - 6 = 8, -5*w - 19 = -2*g. Let d(x) = -x**2 - 14*x**3 + 3 - 3*x + 0*x**g + 15*x**3. Give d(2).
1
Let j(b) = -b**2 + 46*b - 178. Let z be j(42). Let g(n) = -n**3 - 10*n**2 - n + 4. Calculate g(z).
14
Let i be 1*3*(-1 + 0). Let a(q) = 1785*q**2 + 3 + 1788*q**2 - q**3 - q - 3577*q**2. What is a(i)?
-3
Let a(o) = o**2 + 6*o - 5. Let h = -27 - -32. Suppose -14 = 7*v - h*v. Give a(v).
2
Suppose 0 = 4*q + h - 0 - 27, -q + h = -3. Suppose 0 = -t + 5*u + 7, -q*t + 2*t + 10 = -2*u. Let o(z) = -z. Give o(t).
-2
Let t be 24/(-2)*(-7)/7. Suppose -t*g + 13*g = 7. Let p(y) = -y**2 + 7*y + 9. Determine p(g).
9
Let b(l) = -l + 4. Let x(v) = -v + 4 + 1 + 7 - 9. Let q(k) = 4*b(k) - 5*x(k). Calculate q(-5).
-4
Let k(j) = -16*j + 3. Let t = -705 - -705. Calculate k(t).
3
Let q(a) = a**3 - 19*a**2 - 20*a + 3. Let p be q(20). Let y(j) = -15*j**2 - 2*j + 8*j**2 - 2 + 9*j**2 - 2*j**3 + p*j**3. Give y(-3).
-5
Let s(j) be the first derivative of j**4/4 - 10*j**3/3 + 6*j**2 - j + 159. What is s(8)?
-33
Let p(m) = -3*m - 10. Let y be p(4). Let n = y - -25. Let k(z) = z**3 - 3*z**2 + 2*z - 1. Give k(n).
5
Let z(t) be the second derivative of t**3/6 - t**2 - 198*t. Let f = 16 + -10. Determine z(f).
4
Let l = -593 + 590. Let w(f) = f - 2. Calculate w(l).
-5
Let j(n) = 9*n - 71. Let v be j(8). Let b(h) = -4*h**3 - 6*h**2 + 7. Let r(d) = -d**2 + 1. Let a(z) = -b(z) + 6*r(z). Calculate a(v).
3
Suppose 30 = 4*l + 5*k, l = 3*k - k + 1. Suppose 0 - 4 = w, -l*z = 3*w + 37. Let c(j) = j. What is c(z)?
-5
Suppose 5*k = -5*f + 65, 4*k = -5*f + 33 + 34. Let a(z) = z**2 - 17*z + 16. Determine a(f).
-14
Let x(y) = -4186 + 2093 + 2092 + y. Calculate x(-5).
-6
Let w = -128 + 130. Let p(l) = -27*l**2 - l**3 - 8*l + 1 - 7 + w*l**3 + 31*l**2. Give p(-5).
9
Let h(a) = -4*a**2 + a + 6*a**2 - 6*a - 2. Suppose -22 - 43 = -5*v. Suppose -6*p + v = -11. Determine h(p).
10
Let c(y) = -3*y - 5. Let k(b) = -b + 10. Let v(l) = -l + 15. Let n(z) = 7*k(z) - 5*v(z). Let x(a) = 3*c(a) - 4*n(a). Let r = 5 - 5. Calculate x(r).
5
Let w = -4 - -5. Let x(o) be the first derivative of 15 - 12*o**3 + 15*o**3 - o - 7. Calculate x(w).
8
Let a(b) = -2*b. Let s = -7 + 13. Let l be (-5)/(-2)*s/(-5). Let m be a(l). Let k(d) = -d**3 + 5*d**2 + 7*d - 7. Determine k(m).
-1
Suppose 2*a = -2*n - 14, 3 = -6*n + 3*n. Let i(m) = -3 + 4 - 4*m + 0 + 1. Calculate i(a).
26
Let d(m) = -m**2. Suppose 23*g - 10 + 79 = 0. Calculate d(g).
-9
Suppose 2*s = 0, -7*s - 18 = -h - 8*s. Let c(w) = -2*w + 28. Give c(h).
-8
Let q(i) = -i**2 - 6*i - 7. Let l(a) = -a + 7. Let z be l(5). Suppose z*s + y + 13 = 0, -y = -5*s + 2*y - 27. Calculate q(s).
-7
Let k(l) be the third derivative of l**6/360 + l**5/12 + 7*l**4/24 - l**3/3 + l**2 + 14. Let h(c) be the second derivative of k(c). Give h(8).
26
Let s(b) = -b**3 - 8*b**2 - 7*b + 6. Let t be (10 + 480/(-45))/((-4)/(-42)). Give s(t).
6
Let o(x) = x**2 - 11*x + 24. Let c be o(7). Let s(q) = q**2 - q + 1. Let v(y) = -5*y**2 + 8*y. Let h(a) = c*s(a) - v(a). Calculate h(5).
1
Let w be (7/(-14))/((3 + -1)/(-916)). Let r(s) = 7*s + 229 - w. Determine r(-1).
-7
Let a(m) = -2*m**3 + m**2 + 0*m**3 + 4*m**3. Suppose 2*h + 2 = -3*n - 1, 0 = 3*h - n - 12. Suppose -7*w = -10*w - h. What is a(w)?
-1
Let k(q) be the second derivative of -8*q - 1/12*q**4 + 0 + q**3 + 2*q**2. Determine k(5).
9
Let q(h) = h**3 - 8 + 2*h**2 + 2*h - 4*h**2 - 2*h**2 - 2*h**2. Let b be q(6). Let o(x) = 3*x**3 + 6*x**3 + b*x - 3*x. Determine o(1).
10
Suppose -4*k + 8 = -0. Suppose -2*m - 1 = -5. Let i(r) = -3*r**k + r**2 + r**m + 2*r. Calculate i(-2).
-8
Let t = 33 - 33. Let a(n) = n**2 + n. Determine a(t).
0
Let f(d) be the second derivative of -d**4/4 + d**2/2 - 2*d. Let u(z) = -z + 51. Let b be u(50). What is f(b)?
-2
Suppose r - 13 = 2*r - 3*q, -5*r = 5*q - 35. Let s(y) = -10 - r*y + 17 - 8. Give s(-1).
1
Let s(f) = f**3 + 6*f**2 + 5*f - 7. Let j = 43 + -48. What is s(j)?
-7
Let d = 31 - 31. Suppose w + d + 1 = 0. Let f(b) = 4*b**3 + b + 1. Determine f(w).
-4
Let o(d) = -3*d - 9. Let v be (-2)/(6 + 448/(-77)). What is o(v)?
24
Let q(o) = 2*o - 2. Let n(p) = 5*p + 5. Let f(r) = -n(r) + 4*q(r). Determine f(5).
2
Let x(d) be the first derivative of -d**3/3 + 7*d**2/2 + 14*d - 61. Calculate x(8).
6
Let w(l) = -l**3 + l**2 + 1. Let y(j) be the second derivative of 3*j**5/10 + j**4/6 - j**3/6 + 3*j**2/2 - 16*j. Let d(m) = -5*w(m) - y(m). Give d(-7).
-15
Let c(v) = -v**2 + v + 12. Let q be c(4). Let f(d) = d**3 + d**2 + d + 12. Determine f(q).
12
Let x(z) = z**3 + 6*z**2 + 6*z + 1. Suppose -90 = 27*y - 9*y. What is x(y)?
-4
Let i(p) = 3*p + 4. Let s(x) = -9*x - 10. Suppose -2*o + 12 = -5*m, 5*o + 3 = m + 10*o. Let w(l) = m*s(l) - 7*i(l). What is w(-7)?
13
Let y(q) = -6*q + 16. Let o(v) = 16*v - 30. Let c(x) = -2*o(x) - 5*y(x). Determine c(-7).
-6
Let f(i) = 7*i - 42. Suppose -168 = -426*h + 402*h. What is f(h)?
7
Let m(l) = -3*l - 6. Let p(d) = -3*d**2 - 8*d - 10. Let s be p(-2). Calculate m(s).
12
Let y = -54 - -75. Suppose -a - 1 = 0, -a - 4*a = -4*f + y. Let w(z) be the second derivative of -z**3/3 + 3*z**2/2 - 2*z. Determine w(f).
-5
Let d(u) = -u + 1. Suppose 0*c = 2*c - 5*s - 10, -2*c - 4*s + 28 = 0. Suppose h - 4*z = -c, -2*h - 13 = -7*h - z. Give d(h).
-1
Let w(n) = n - 3. Let z be w(-2). Let m(p) = -p. Let d(q) = 10*q - 4. Let s(c) = z*m(c) - d(c). Calculate s(3).
-11
Let m(l) = -l**2 - 18*l - 12. Suppose 3*u = -6*n + 3*n - 45, 4*u + 2*n = -64. Give m(u).
5
Let r(f) = 2*f + 10. Suppose -5*x = -5*u - 13 - 7, 4*x = -5*u - 65. Calculate r(u).
-8
Suppose u - 5*l + 4*l = 8, 0 = 4*u - 3*l - 35. Let r(i) = i**3 - 10*i**2 - 12*i + 5. Calculate r(u).
-6
Let f(t) be the first derivative of -1/2*t**2 + 17 + 2*t. What is f(-2)?
4
Let g(u) be the first derivative of u**4/4 - 10*u**3/3 + 9*u**2/2 - 3*u - 26. Calculate g(9).
-3
Let v(x) = -2*x**3 + 4*x**2 - 4*x + 3. Let z(t) = t**3 + 15*t**2 + 13*t - 12. Suppose 2*u - 8*u = 84. Let m be z(u). Give v(m).
-5
Let t(z) = -7*z**2 - 4*z - 5. Let l(c) = 8*c**2 + 4*c + 5. Let p(s) = 6*l(s) + 7*t(s). Calculate p(-4).
-5
Let u be ((-24)/3)/(-2) + -2. Let r(a) = -5*a**u - 6*a - a - 3 + a**3 + 5. Let c be -15*-2*3/15. Give r(c).
-4
Let a(u) = -u**2 + u - 1. Suppose -5*o = -72 - 18. Suppose -5*r + 2*s = -10, o = 2*r - 5*s - 7. Calculate a(r).
-1
Let w = -25 - 2. Let b = w - -30. Suppose -y - 5*l + 19 = 0, 0*y = 3*y - 5*l + b. Let u(z) = z**2 - 3*z - 4. What is u(y)?
0
Let g(m) be the first derivative of 3*m**2/2 - 3*m + 2. Suppose 6*o = 59 + 13. Let t be (18/(-12) + 1)/((-2)/o). Calculate g(t).
6
Let a be (-10)/(-150)*-3 - 39/5. Let l(m) = -4*m - 1. Determine l(a).
31
Let d(m) = -5*m**3 - 31 + 68*m**2 - 69*m**2 + 6*m**3 - 25 + 2*m. What is d(0)?
-56
Let g(j) = -2 - 1 - 2*j - j**2 + 0. Let h(f) be the third derivative of f**4/8 + 5*f**3/3 + 31*f**2. Let i be h(-4). Calculate g(i).
-3
Let i(r) be the first derivative of -12 + 1/3*r**3 - 4*r - 1/2*r**2. Determine i(0).
-4
Suppose x - 4*x + 5*v = 0, 0 = 2*x + 5*v. Let k(o) = 2*o - 4. Give k(x).
-4
Let t(i) be the first derivative of 2*i**3 - 2*i**2 + 3*i - 7. Let k(l) = 13*l**2 - 9*l + 7. Let c(u) = 3*k(u) - 7*t(u). Determine c(-1).
-4
Let n(m) = m**2 - 13*m + 12. Suppose 2*d + 2*y - 19 = -y, -23 = -2*d + y. Calculate n(d).
-10
Let g(i) = -i**2 + i - 2. Suppose 3*f - 8 = 4*w + 5, 0 = -4*f + w + 13. Suppose 4*u = 2 + 22. Suppose u*b = f*b. Give g(b).
-2
Let d(l) = -2*l + 12. Let p be d(5). Suppose -5*z + 23 = -p. Let s(i) = 0*i + i - 1 + 2. Give s(z).
6
Let o(b) be the second derivative of 0 + 1/2*b**4 + 5*b + 7/6*b**3 + 1/20*b**5 + 3/2*b**2. Determine o(-5).
-7
Let n = 16 + -13. Suppose 4*q + n*t + t - 16 = 0, 0 = -3*q - 4*t + 13. Let g(z) = -6 + 3 + 0*z + 2*z - q. Determine g(4).
2
Let o(r) =